ainder when 429 is divided by 127?
48
What is the remainder when 1580 is divided by 75?
5
What is the remainder when 281 is divided by 1?
0
What is the remainder when 5659 is divided by 149?
146
Calculate the remainder when 36 is divided by 5.
1
What is the remainder when 527 is divided by 10?
7
What is the remainder when 20926 is divided by 13?
9
Calculate the remainder when 172 is divided by 28.
4
What is the remainder when 846 is divided by 34?
30
What is the remainder when 657 is divided by 2?
1
What is the remainder when 85 is divided by 31?
23
Calculate the remainder when 262 is divided by 79.
25
What is the remainder when 63 is divided by 5?
3
What is the remainder when 1875 is divided by 623?
6
What is the remainder when 277 is divided by 13?
4
Calculate the remainder when 967 is divided by 41.
24
Calculate the remainder when 2335 is divided by 14.
11
What is the remainder when 659 is divided by 43?
14
Calculate the remainder when 162 is divided by 42.
36
Calculate the remainder when 81 is divided by 43.
38
What is the remainder when 2429 is divided by 9?
8
What is the remainder when 114 is divided by 69?
45
What is the remainder when 470 is divided by 81?
65
What is the remainder when 86 is divided by 8?
6
Calculate the remainder when 456 is divided by 271.
185
Calculate the remainder when 6044 is divided by 242.
236
Calculate the remainder when 87 is divided by 44.
43
What is the remainder when 138 is divided by 7?
5
Calculate the remainder when 93 is divided by 31.
0
What is the remainder when 74 is divided by 21?
11
Calculate the remainder when 6199 is divided by 17.
11
Calculate the remainder when 185 is divided by 17.
15
What is the remainder when 55 is divided by 27?
1
Calculate the remainder when 145 is divided by 9.
1
What is the remainder when 123 is divided by 63?
60
What is the remainder when 160 is divided by 24?
16
Calculate the remainder when 438 is divided by 49.
46
What is the remainder when 1846 is divided by 202?
28
What is the remainder when 153 is divided by 33?
21
Calculate the remainder when 1135 is divided by 37.
25
Calculate the remainder when 103 is divided by 40.
23
Calculate the remainder when 178 is divided by 91.
87
What is the remainder when 661 is divided by 261?
139
What is the remainder when 435 is divided by 21?
15
What is the remainder when 57 is divided by 23?
11
Calculate the remainder when 10632 is divided by 49.
48
Calculate the remainder when 62 is divided by 43.
19
What is the remainder when 80 is divided by 13?
2
What is the remainder when 3362 is divided by 34?
30
Calculate the remainder when 128 is divided by 26.
24
What is the remainder when 47 is divided by 13?
8
Calculate the remainder when 50 is divided by 18.
14
What is the remainder when 302 is divided by 9?
5
Calculate the remainder when 255 is divided by 31.
7
What is the remainder when 1735 is divided by 1727?
8
Calculate the remainder when 94 is divided by 9.
4
What is the remainder when 20 is divided by 3?
2
What is the remainder when 429 is divided by 141?
6
What is the remainder when 89 is divided by 31?
27
What is the remainder when 660 is divided by 656?
4
What is the remainder when 245 is divided by 19?
17
Calculate the remainder when 208 is divided by 71.
66
What is the remainder when 118 is divided by 38?
4
Calculate the remainder when 2980 is divided by 37.
20
Calculate the remainder when 342 is divided by 27.
18
Calculate the remainder when 516 is divided by 179.
158
What is the remainder when 101 is divided by 24?
5
What is the remainder when 3001 is divided by 13?
11
Calculate the remainder when 318 is divided by 29.
28
What is the remainder when 239 is divided by 42?
29
What is the remainder when 2479 is divided by 65?
9
Calculate the remainder when 378 is divided by 139.
100
What is the remainder when 148 is divided by 15?
13
What is the remainder when 271 is divided by 11?
7
What is the remainder when 81 is divided by 39?
3
Calculate the remainder when 38 is divided by 27.
11
What is the remainder when 982 is divided by 34?
30
What is the remainder when 1938 is divided by 24?
18
Calculate the remainder when 1527 is divided by 90.
87
What is the remainder when 1793 is divided by 36?
29
Calculate the remainder when 202 is divided by 6.
4
What is the remainder when 285 is divided by 219?
66
What is the remainder when 2130 is divided by 97?
93
What is the remainder when 12257 is divided by 27?
26
What is the remainder when 1285 is divided by 320?
5
What is the remainder when 94 is divided by 21?
10
What is the remainder when 426 is divided by 91?
62
What is the remainder when 109 is divided by 14?
11
Calculate the remainder when 4157 is divided by 13.
10
Calculate the remainder when 97 is divided by 33.
31
Calculate the remainder when 82 is divided by 42.
40
What is the remainder when 139 is divided by 21?
13
What is the remainder when 290 is divided by 94?
8
Calculate the remainder when 268 is divided by 82.
22
Calculate the remainder when 2751 is divided by 81.
78
What is the remainder when 70 is divided by 18?
16
What is the remainder when 66 is divided by 40?
26
Calculate the remainder when 505 is divided by 87.
70
Calculate the remainder when 532 is divided by 68.
56
Calculate the remainder when 2476 is divided by 305.
36
What is the remainder when 363 is divided by 87?
15
What is the remainder when 36106 is divided by 23?
19
What is the remainder when 6172 is divided by 69?
31
Calculate the remainder when 226 is divided by 21.
16
What is the remainder when 2222 is divided by 25?
22
Calculate the remainder when 535 is divided by 298.
237
What is the remainder when 112 is divided by 58?
54
What is the remainder when 891 is divided by 886?
5
What is the remainder when 1024 is divided by 204?
4
Calculate the remainder when 207 is divided by 16.
15
Calculate the remainder when 4072 is divided by 163.
160
What is the remainder when 307 is divided by 11?
10
What is the remainder when 342 is divided by 35?
27
Calculate the remainder when 142 is divided by 43.
13
Calculate the remainder when 2122 is divided by 2121.
1
Calculate the remainder when 1330 is divided by 23.
19
Calculate the remainder when 1057 is divided by 1048.
9
Calculate the remainder when 357 is divided by 158.
41
Calculate the remainder when 247 is divided by 25.
22
Calculate the remainder when 409 is divided by 51.
1
What is the remainder when 30 is divided by 20?
10
What is the remainder when 791 is divided by 18?
17
What is the remainder when 171 is divided by 60?
51
What is the remainder when 175 is divided by 26?
19
What is the remainder when 1370 is divided by 650?
70
What is the remainder when 127 is divided by 26?
23
Calculate the remainder when 287 is divided by 262.
25
What is the remainder when 335 is divided by 173?
162
What is the remainder when 10072 is divided by 31?
28
Calculate the remainder when 299 is divided by 109.
81
Calculate the remainder when 664 is divided by 45.
34
Calculate the remainder when 162 is divided by 44.
30
What is the remainder when 5716 is divided by 65?
61
What is the remainder when 185 is divided by 164?
21
What is the remainder when 568 is divided by 147?
127
Calculate the remainder when 441 is divided by 56.
49
What is the remainder when 16968 is divided by 23?
17
What is the remainder when 60 is divided by 15?
0
What is the remainder when 775 is divided by 10?
5
Calculate the remainder when 259 is divided by 53.
47
What is the remainder when 1295 is divided by 20?
15
What is the remainder when 1139 is divided by 234?
203
Calculate the remainder when 548 is divided by 19.
16
Calculate the remainder when 3804 is divided by 141.
138
Calculate the remainder when 194 is divided by 5.
4
What is the remainder when 295 is divided by 130?
35
Calculate the remainder when 100 is divided by 72.
28
Calculate the remainder when 350 is divided by 35.
0
What is the remainder when 675 is divided by 115?
100
Calculate the remainder when 114 is divided by 47.
20
What is the remainder when 1063 is divided by 163?
85
Calculate the remainder when 263 is divided by 44.
43
Calculate the remainder when 116 is divided by 26.
12
Calculate the remainder when 1119 is divided by 1114.
5
What is the remainder when 974 is divided by 48?
1